ulate the remainder when 834 is divided by 167.
166
Calculate the remainder when 298 is divided by 165.
133
Calculate the remainder when 572 is divided by 138.
20
Calculate the remainder when 6688 is divided by 290.
18
What is the remainder when 7773 is divided by 48?
45
Calculate the remainder when 3921 is divided by 12.
9
What is the remainder when 197 is divided by 35?
22
What is the remainder when 537 is divided by 78?
69
What is the remainder when 206 is divided by 19?
16
Calculate the remainder when 11326 is divided by 118.
116
Calculate the remainder when 47966 is divided by 32.
30
Calculate the remainder when 17 is divided by 17.
0
What is the remainder when 288 is divided by 104?
80
What is the remainder when 886 is divided by 409?
68
Calculate the remainder when 2734 is divided by 233.
171
Calculate the remainder when 2142 is divided by 59.
18
Calculate the remainder when 121 is divided by 22.
11
Calculate the remainder when 1090 is divided by 45.
10
What is the remainder when 411 is divided by 16?
11
What is the remainder when 6062 is divided by 141?
140
What is the remainder when 247 is divided by 17?
9
What is the remainder when 551 is divided by 42?
5
What is the remainder when 126 is divided by 38?
12
Calculate the remainder when 3365 is divided by 7.
5
Calculate the remainder when 3545 is divided by 506.
3
Calculate the remainder when 2182 is divided by 28.
26
Calculate the remainder when 199 is divided by 21.
10
Calculate the remainder when 475 is divided by 15.
10
What is the remainder when 2323 is divided by 75?
73
What is the remainder when 545 is divided by 92?
85
What is the remainder when 2045 is divided by 44?
21
What is the remainder when 31089 is divided by 12?
9
Calculate the remainder when 3395 is divided by 1124.
23
Calculate the remainder when 93840 is divided by 449.
448
Calculate the remainder when 57 is divided by 50.
7
Calculate the remainder when 4126 is divided by 67.
39
What is the remainder when 792 is divided by 161?
148
What is the remainder when 65 is divided by 7?
2
What is the remainder when 536 is divided by 20?
16
Calculate the remainder when 266 is divided by 30.
26
What is the remainder when 898 is divided by 50?
48
Calculate the remainder when 76787 is divided by 70.
67
What is the remainder when 72 is divided by 15?
12
Calculate the remainder when 84 is divided by 41.
2
What is the remainder when 290 is divided by 95?
5
Calculate the remainder when 498 is divided by 13.
4
What is the remainder when 153 is divided by 130?
23
Calculate the remainder when 47 is divided by 11.
3
What is the remainder when 763 is divided by 38?
3
Calculate the remainder when 1834 is divided by 36.
34
What is the remainder when 39 is divided by 33?
6
What is the remainder when 55 is divided by 7?
6
What is the remainder when 311 is divided by 307?
4
What is the remainder when 576 is divided by 20?
16
Calculate the remainder when 585 is divided by 147.
144
Calculate the remainder when 604 is divided by 200.
4
What is the remainder when 94 is divided by 21?
10
Calculate the remainder when 334 is divided by 84.
82
Calculate the remainder when 2519 is divided by 73.
37
What is the remainder when 416 is divided by 356?
60
What is the remainder when 397 is divided by 82?
69
Calculate the remainder when 118 is divided by 20.
18
What is the remainder when 278 is divided by 256?
22
What is the remainder when 2293 is divided by 10?
3
What is the remainder when 3296 is divided by 127?
121
Calculate the remainder when 1808 is divided by 19.
3
What is the remainder when 340 is divided by 338?
2
Calculate the remainder when 767 is divided by 110.
107
Calculate the remainder when 33 is divided by 17.
16
Calculate the remainder when 12832 is divided by 207.
205
What is the remainder when 43 is divided by 22?
21
What is the remainder when 105 is divided by 28?
21
Calculate the remainder when 671 is divided by 4.
3
Calculate the remainder when 3581 is divided by 112.
109
What is the remainder when 237 is divided by 45?
12
Calculate the remainder when 7031 is divided by 49.
24
Calculate the remainder when 7421 is divided by 15.
11
Calculate the remainder when 109 is divided by 14.
11
Calculate the remainder when 2834 is divided by 141.
14
What is the remainder when 296 is divided by 26?
10
What is the remainder when 22469 is divided by 107?
106
What is the remainder when 365 is divided by 94?
83
Calculate the remainder when 83 is divided by 67.
16
Calculate the remainder when 127 is divided by 28.
15
Calculate the remainder when 142 is divided by 131.
11
Calculate the remainder when 1095 is divided by 22.
17
What is the remainder when 410 is divided by 18?
14
What is the remainder when 2511 is divided by 110?
91
Calculate the remainder when 130 is divided by 64.
2
Calculate the remainder when 401 is divided by 276.
125
Calculate the remainder when 1133 is divided by 15.
8
What is the remainder when 71 is divided by 7?
1
What is the remainder when 291 is divided by 4?
3
What is the remainder when 1869 is divided by 188?
177
What is the remainder when 185 is divided by 4?
1
Calculate the remainder when 130 is divided by 35.
25
Calculate the remainder when 189 is divided by 107.
82
What is the remainder when 89 is divided by 6?
5
Calculate the remainder when 2885 is divided by 38.
35
Calculate the remainder when 59 is divided by 30.
29
What is the remainder when 554 is divided by 184?
2
What is the remainder when 1630 is divided by 136?
134
What is the remainder when 169 is divided by 88?
81
Calculate the remainder when 52247 is divided by 125.
122
What is the remainder when 390 is divided by 42?
12
What is the remainder when 3695 is divided by 66?
65
Calculate the remainder when 322 is divided by 54.
52
What is the remainder when 260 is divided by 15?
5
Calculate the remainder when 95 is divided by 16.
15
Calculate the remainder when 55 is divided by 12.
7
What is the remainder when 483 is divided by 70?
63
What is the remainder when 155 is divided by 10?
5
Calculate the remainder when 153 is divided by 84.
69
Calculate the remainder when 1380 is divided by 235.
205
Calculate the remainder when 216 is divided by 55.
51
What is the remainder when 363 is divided by 61?
58
What is the remainder when 631 is divided by 79?
78
Calculate the remainder when 711 is divided by 51.
48
What is the remainder when 34 is divided by 12?
10
What is the remainder when 2848 is divided by 37?
36
Calculate the remainder when 221 is divided by 28.
25
Calculate the remainder when 59 is divided by 33.
26
Calculate the remainder when 2213 is divided by 20.
13
Calculate the remainder when 53 is divided by 13.
1
Calculate the remainder when 178 is divided by 49.
31
What is the remainder when 54 is divided by 11?
10
Calculate the remainder when 111 is divided by 35.
6
What is the remainder when 582 is divided by 44?
10
Calculate the remainder when 938 is divided by 59.
53
What is the remainder when 1529 is divided by 67?
55
Calculate the remainder when 320 is divided by 186.
134
Calculate the remainder when 685 is divided by 86.
83
Calculate the remainder when 511 is divided by 37.
30
Calculate the remainder when 59 is divided by 7.
3
What is the remainder when 986 is divided by 19?
17
What is the remainder when 1594 is divided by 17?
13
Calculate the remainder when 1901 is divided by 127.
123
Calculate the remainder when 663 is divided by 37.
34
What is the remainder when 70 is divided by 49?
21
Calculate the remainder when 90 is divided by 13.
12
Calculate the remainder when 1247 is divided by 139.
135
Calculate the remainder when 2309 is divided by 7.
6
Calculate the remainder when 4792 is divided by 2394.
4
Calculate the remainder when 355 is divided by 51.
49
What is the remainder when 515 is divided by 118?
43
What is the remainder when 11490 is divided by 26?
24
Calculate the remainder when 278 is divided by 7.
5
Calculate the remainder when 3188 is divided by 72.
20
What is the remainder when 3672 is divided by 14?
4
Calculate the remainder when 6 is divided by 2.
0
What is the remainder when 682 is divided by 328?
26
What is the remainder when 1867 is divided by 267?
265
What is the remainder when 190 is divided by 6?
4
Calculate the remainder when 13 